7)?
451
Let a(f) = -136*f + 2326. Determine a(16).
150
Let f(i) = -8*i**3 - 36*i**2 - 319*i - 839. Determine f(-3).
10
Let z(v) = 98367*v - 786944. Give z(8).
-8
Let f(h) = -1169*h + 35078. What is f(30)?
8
Let m(d) = -2*d**2 - 408*d - 11827. Give m(-169).
3
Let n(q) = 1503*q - 3388. Calculate n(0).
-3388
Let n(z) = 11*z**2 + 607*z - 1413. Determine n(-57).
-273
Let a(t) = -24*t + 447. Give a(-168).
4479
Let g(p) = 496*p + 16631. Calculate g(-36).
-1225
Let g(i) = 2*i**3 - 189*i**2 + 3743*i - 3886. What is g(67)?
0
Let m(r) = 3*r**3 + 73*r**2 + 557*r + 12766. Determine m(-24).
-26
Let z(y) = y**2 - 25991*y - 16. What is z(0)?
-16
Let k(h) = -2*h**3 + 85*h**2 + 2680*h + 278. What is k(-21)?
5
Let x(r) = 747*r**2 + 1513*r + 38. Give x(-2).
0
Let m(s) = 3*s**3 - 158*s**2 + 572*s + 95. What is m(4)?
47
Let n(v) = -3*v**3 - 39*v**2 - 158*v + 2. What is n(-5)?
192
Let z(s) = 8306*s - 124598. Give z(15).
-8
Let z(m) = 204*m**2 + 8*m - 4. Determine z(-2).
796
Let x(l) = -6*l**2 + 171*l + 60296. Calculate x(-87).
5
Let p(v) = -v**2 - 13360*v + 442063. Give p(33).
94
Let x(g) = 676*g - 10323. Determine x(11).
-2887
Let b(l) = -53*l + 7190. Calculate b(131).
247
Let j(c) = -3121*c + 59955. What is j(18)?
3777
Let b(o) = -48*o - 4135. Determine b(-86).
-7
Let h(s) = s**3 + 17*s**2 + 505*s + 4708. What is h(-11)?
-121
Let o(b) = 182*b + 7746. Determine o(-35).
1376
Let r(l) = -l**2 - 203*l + 8799. Calculate r(42).
-1491
Let d(p) = -159*p**3 + 3*p**2 + 184*p - 360. Calculate d(2).
-1252
Let q(h) = -2*h**3 - 3941*h**2 + 7678*h + 420. Calculate q(2).
-4
Let z(y) = -2945*y**2 + 82407*y + 1491. What is z(28)?
7
Let g(a) = a**2 + 125*a - 1571. Give g(0).
-1571
Let w(c) = -12*c**2 + 714*c - 3286. Give w(49).
2888
Let j(x) = -6*x**3 - 32*x**2 + 272*x + 1386. Give j(-5).
-24
Let m(x) = 79126*x + 3244186. Give m(-41).
20
Let h(g) = 4*g**2 - 320*g + 70. What is h(80)?
70
Let f(o) = -8*o**3 - 56*o**2 - 67*o + 122. Determine f(-4).
6
Let c(m) = -m**3 - 287*m**2 - 13112*m - 56. Calculate c(-230).
404
Let k(v) = v**2 + 1981*v - 169030. Calculate k(82).
136
Let a(x) = x**3 + 134*x**2 - 252*x + 2689. Calculate a(-136).
-31
Let m(r) = 22*r**2 - 1806*r + 3672. What is m(80)?
-8
Let p(w) = 6007*w + 7214406. Determine p(-1201).
-1
Let g(i) = 2*i**3 - 188*i**2 + 169*i + 99. Determine g(93).
-1482
Let h(u) = 3623*u - 12985. Calculate h(4).
1507
Let x(s) = -2*s**2 + 302*s - 876. What is x(148)?
12
Let m(u) = 13*u**2 + 1467*u + 41370. What is m(-55)?
10
Let s(m) = m**2 + 599*m - 5676. Give s(12).
1656
Let s(m) = -315*m**2 + 1539*m - 3070. Determine s(2).
-1252
Let f(z) = -106869*z - 7373936. What is f(-69)?
25
Let g(c) = 160*c - 10388. Calculate g(55).
-1588
Let m(j) = -j**2 + 9441*j + 122898. Give m(-13).
-4
Let x(z) = z**3 - 52*z**2 - 38*z + 4256. Calculate x(51).
-283
Let y(q) = -58756*q + 51352745. Give y(874).
1
Let c(i) = 3*i**3 + 19*i**2 + 139*i + 213. Determine c(-4).
-231
Let k(h) = h**2 + 1016*h - 14469. What is k(14)?
-49
Let q(f) = 241084*f + 241085. What is q(-1)?
1
Let i(p) = -230*p + 15057. What is i(65)?
107
Let a(d) = d**3 - 223*d**2 + 4638*d - 288. Give a(23).
586
Let a(d) = 1245*d + 21272. What is a(-17)?
107
Let h(n) = -2*n**3 - 67*n**2 + 104*n - 58. Give h(-35).
-23
Let s(c) = -c**2 + 149*c - 4150. Calculate s(112).
-6
Let k(r) = r**2 - 2731*r + 662306. Determine k(269).
28
Let d(a) = -167523*a + 167514. What is d(1)?
-9
Let p(k) = -5301*k - 567219. Calculate p(-107).
-12
Let y(k) = -42*k**2 + 4843*k + 4843. What is y(-1)?
-42
Let f(m) = m**3 + 69*m**2 - 388*m - 1344. Calculate f(-74).
-12
Let l(j) = -j**2 + 110*j + 30606. Calculate l(240).
-594
Let p(n) = 22692*n + 90792. What is p(-4)?
24
Let w(p) = 18*p**3 - 22*p**2 + 131*p + 24. Calculate w(4).
1348
Let f(z) = -z**3 + 48*z**2 + 26254*z - 1260159. What is f(48)?
33
Let k(g) = 234*g - 1516. Give k(6).
-112
Let z(t) = -t**3 - 14*t**2 + 661*t + 8189. Calculate z(-12).
-31
Let j(o) = -23*o**3 + 18*o**2 - 60*o. What is j(4)?
-1424
Let q(f) = 8413*f + 24829. Calculate q(-3).
-410
Let g(q) = -6*q**2 - 7587*q - 22767. Determine g(-3).
-60
Let j(a) = 7*a**2 + 46*a - 19255. What is j(-56)?
121
Let h(l) = -3*l**3 + l**2 + 203*l - 1070. Determine h(6).
-464
Let n(j) = j**3 + 87*j**2 - 481*j - 232. Calculate n(6).
230
Let p(n) = -4*n**3 + 38*n**2 + 3535*n - 35133. Give p(10).
17
Let v(m) = -81713*m - 19447702. Give v(-238).
-8
Let s(n) = -n**2 + 20155*n - 2603244. Give s(130).
6
Let z(m) = m**2 - 86*m - 45795. Determine z(261).
-120
Let w(p) = -p**2 - 4129*p - 41524. What is w(-10)?
-334
Let m(j) = 2*j**2 + 5197*j - 46754. Give m(9).
181
Let i(s) = -15586*s - 218213. Determine i(-14).
-9
Let l(g) = 8241*g + 2719534. Determine l(-330).
4
Let y(n) = -96*n**2 + 163*n - 107. Determine y(3).
-482
Let p(r) = 6*r**2 - 125*r + 716. Determine p(12).
80
Let t(u) = -371*u - 152103. Calculate t(-410).
7
Let t(l) = -7*l**2 + 19422*l - 1288322. Determine t(68).
6
Let x(q) = -q**3 - 166*q**2 - 462*q + 5446. Determine x(-163).
1045
Let q(v) = 4089*v - 28631. What is q(7)?
-8
Let b(s) = -6*s**3 - 485*s**2 + 155*s + 5994. Calculate b(-81).
0
Let v(j) = -7*j**2 - 133*j + 97. What is v(-21)?
-197
Let n(h) = 810502*h + 29178073. Calculate n(-36).
1
Let f(u) = -3*u**3 - u**2 + 61*u + 79. Determine f(-5).
124
Let s(n) = -8521*n - 426045. Calculate s(-50).
5
Let q(t) = 2*t**3 + 29*t**2 - 796*t - 11965. What is q(-16)?
3
Let x(r) = -65*r**2 + 1996*r + 36. What is x(31)?
-553
Let t(a) = -1538*a - 143007. Determine t(-93).
27
Let h(c) = 89*c**2 + 5679*c - 1077. Calculate h(-64).
11
Let g(a) = -58*a**2 - 1269*a - 25. What is g(-22)?
-179
Let j(u) = 22676*u - 23772. Give j(1).
-1096
Let o(b) = -12200*b + 171528. Give o(14).
728
Let c(i) = -i**3 + 23*i**2 + 3102*i - 73895. Give c(24).
-23
Let w(v) = -5*v**2 + 1525*v - 6025. Calculate w(4).
-5
Let w(v) = 121*v + 25528. Calculate w(-211).
-3
Let f(i) = -2*i**3 - 1541*i**2 - 763*i + 5381. Give f(-770).
-9
Let b(n) = -10*n**2 - 628*n + 8979. Calculate b(12).
3
Let a(d) = -66505*d + 1862041. Calculate a(28).
-99
Let b(n) = -15*n**2 - 13*n + 69. What is b(-6)?
-393
Let d(y) = -y**3 - 29*y**2 + 9*y - 94. Calculate d(-30).
536
Let r(h) = h**2 + 195*h - 20664. What is r(71)?
-1778
Let r(w) = -w**3 - 28*w**2 - 616*w - 14650. Give r(-26).
14
Let k(a) = -39*a - 4322. Calculate k(-98).
-500
Let l(v) = -v**3 + 32*v**2 + 644*v + 4. Determine l(-14).
4
Let h(q) = -38769*q - 4768591. What is h(-123)?
-4
Let m(j) = 6*j**2 + 730*j - 22338. Calculate m(-147).
6
Let b(r) = r**3 + 17*r**2 + 64*r + 549. What is b(-15)?
39
Let u(n) = 3*n**3 - 195*n**2 - 377*n + 11867. Calculate u(66).
53
Let s(w) = -w**3 - 55*w**2 - 235*w + 766. Calculate s(-50).
16
Let d(a) = -11335*a + 34084. Determine d(3).
79
Let s(y) = 1118*y**3 + 9*y**2 + 4*y. Give s(-1).
-1113
Let v(l) = -l**2 - 16475*l + 197857. Determine v(12).
13
Let q(f) = -11248*f - 2834492. Give q(-252).
4
Let j(x) = x**3 - 587*x**2 + 37991*x - 14871. What is j(513)?
6
Let r(s) = 5*s**2 - 1082*s - 2938. Calculate r(219).
-91
Let w(n) = -n**2 + 1227*n + 9796. Calculate w(-8).
-84
Let x(d) = -d**3 + 6*d**2 + 12*d - 37. Give x(-5).
178
Let t(h) = -2*h**3 + 25*h**2 - 27*h + 57. Determine t(12).
-123
Let t(y) = -808*y + 50246. Determine t(62).
150
Let x(k) = -8*k**2 + 507*k - 2722. What is x(57)?
185
Let b(i) = -6*i**3 + 7*i**2 + 2*i - 2. What is b(6)?
-1034
Let a(s) = -188404*s + 753648. Determine a(4).
32
Let i(s) = s**3 - 5*s**2 - 15998*s + 266. What is i(129)?
8
Let a(x) = 20898*x - 208981. Determine a(10).
-1
Let u(f) = -153*f + 52716. What is u(338)?
1002
Let f(q) = -4*q**2 - 8119*q + 65200. Calculate f(8).
-8
Let m(t) = t**2 - 22*t - 60. What is m(12)?
-180
Let d(c) = 376*c - 4674. Determine d(13).
214
Let p(z) = 10*z + 426. Determine p(-43).
-4
Let d(v) = 21151*v + 8439245. What is d(-399)?
-4
Let d(l) = -47*l**2 - 1856*l - 200. What is d(-39)?
697
Let c(m) = -2232*m - 18426. Calculate c(-9).
1662
Let x(k) = -k**3 + 178*k**2 - 1773*k + 42597. Calculate x(169).
9
Let b(y) = 12*y**2 + 110*y + 733. Calculate b(-6).
505
Let y(w) = -w**3 - 316*w**2 - 20335*w + 1124. What is y(-226)?
-6
Let k(o) = o**3 - 40*o**2 + 17*o - 2303. Calculate k(41).
75
Let u(a) = 2*a**3 + 1166*a**2 - 14334*a - 32159. Give u(-595).
-29
Let b(c) = -2*c**3 - 5*c**2 - 27*c - 254. Calculate b(-5).
6
Le